 - 152. List the prime factors of s.
17
Let g = 146 - 61. List the prime factors of g.
5, 17
Let o(n) = -n**2 + 9*n - 8. Let l be o(6). List the prime factors of (-5)/1*(-24)/l.
2, 3
Let o(y) = -y**2 + 4*y - 2. Let c be o(4). What are the prime factors of 20/15 - c/3?
2
Let w = -6 + 4. What are the prime factors of (w - -5) + 0 + 0?
3
Suppose -m = u - 4*u + 171, -156 = -3*u - 4*m. List the prime factors of u.
2, 7
Let a be 0/(-1) + (-1 - -8). Let p(t) = 7*t + 6. Let o be p(a). Suppose o = 6*s - s. List the prime factors of s.
11
Let s(d) be the first derivative of d**2/2 + 2*d - 2. Let o be (1/(-1))/((-1)/4). What are the prime factors of s(o)?
2, 3
Let y(h) = -h**2 - 2*h + 3. Let o be y(-4). Let j(m) = 2*m**2 + 6*m - 7. What are the prime factors of j(o)?
13
Let b = 626 - 415. List the prime factors of b.
211
Let a(r) = -2*r**3 - 8*r**2 - 6*r - 16. What are the prime factors of a(-5)?
2
Suppose 0 = -y - 5*l + l, -5*y + 4*l = -24. Let a = -2 + y. Suppose -5*t + 1 = -2*o - 1, 4*t - 16 = -a*o. What are the prime factors of o?
2
Let n = 153 + -94. What are the prime factors of n?
59
Suppose 6 + 6 = 4*v. Suppose v*n - 19 = -3*l - 1, 3*n = 3*l - 6. List the prime factors of 3 + (n - 2)/3.
3
Let r = 75 - 15. Let i(g) = 2*g**2 - 4*g - 1. Let k be i(3). Suppose -5*n - 2*z = z - 55, 4*z = -k*n + r. What are the prime factors of n?
2
Let a(y) = 4*y**2 - 4*y - 3. List the prime factors of a(4).
3, 5
Let v be (-3 - 0)*205/(-3). Suppose -4*h = h - v. Let g = h - 29. What are the prime factors of g?
2, 3
Let a(q) = -40*q + 3. Let t be a(2). List the prime factors of 106/22 - 14/t.
5
Let a(u) = 4 - 2*u - 4. Let q be a(-3). Suppose 5*i - q = 3*i. What are the prime factors of i?
3
Let t(r) = r**3 + 4*r**2 - 7*r - 6. Let d = -13 - -8. Let o be t(d). Suppose k - 5*k + 12 = 0, o*y - 61 = 5*k. What are the prime factors of y?
19
What are the prime factors of (-14)/98 + (-394)/(-14)?
2, 7
Let p = 6 + -4. Suppose 0 = -4*m - 4*y + 3*y + 38, -m + 13 = 2*y. Suppose -7 = p*x - 5*h, -h = -4*x + 22 + m. List the prime factors of x.
3
Let l = -4 - -1. Let n be (-2)/(-6)*(l + 0). List the prime factors of (-68)/(-6) + n/3.
11
Suppose -f - 3*d + 52 = 0, -2*d - 3*d + 236 = 4*f. List the prime factors of f.
2
Suppose 0 = -c + 4*l - 29, 10 = -2*c - 7*l + 3*l. Let t be (3*-2 + 2)*c. Suppose v - t = -3*v. What are the prime factors of v?
13
What are the prime factors of ((-1)/(10/16))/(4/(-100))?
2, 5
Let a = -16 - -20. What are the prime factors of 4/(-8)*-102 - a?
47
Suppose 11 = -5*s - 9, 5*b + s + 4 = 0. Suppose b - 36 = -4*v. List the prime factors of v.
3
Suppose -3*l - 8 - 7 = 0. Let h = l + 7. Let u(n) = 3*n - 2. List the prime factors of u(h).
2
Let r(w) = -w**3 + w**2 + 4*w - 1. List the prime factors of r(-3).
23
Suppose 3*n + 30 = -2*n. Let c(t) = t**2 + 4*t - 2. What are the prime factors of c(n)?
2, 5
Let c(w) be the first derivative of w**2 + 12*w + 3. What are the prime factors of c(10)?
2
Let o(y) be the third derivative of -y**6/120 + y**5/20 + y**4/24 - y**3/6 - y**2. Let t be o(3). What are the prime factors of t/11 + 357/33?
11
Let q = -2 + 5. Suppose 0 = -q*t - 0*t + 12. List the prime factors of t.
2
Let w be ((-2)/(-3))/(10/15). What are the prime factors of (2 + 2/w)*1?
2
Suppose 4*q + 4*r - 58 = 2*q, 53 = 2*q + 3*r. Suppose -2*f = -b + 5*b + 18, -f + 5*b = -q. Let t = f - -9. What are the prime factors of t?
2
Let c = -9 + 24. What are the prime factors of 40/c*(-15)/(-4)?
2, 5
Let t(u) = 5 - 2*u - 2*u**2 + u**2 - 3*u. Let w = -15 + 10. What are the prime factors of t(w)?
5
Let t be 21/15*-2*5. Let b be (-30)/(-7) - (-4)/t. Suppose 3*s + 2*s - 45 = 5*f, -5*f - 36 = -b*s. List the prime factors of s.
3
Let y be -4 - -7 - 0/(-3). Suppose 2*k - 104 = -y*o, 2*o = 3*k + k - 192. Let j = k - 29. What are the prime factors of j?
2, 5
Let y(x) = x + 7. Let o be y(-12). Let m = o + 21. List the prime factors of m.
2
What are the prime factors of 5 - 10*18/(-6)?
5, 7
What are the prime factors of ((-140)/(-30))/(2/18)?
2, 3, 7
Let i(l) be the first derivative of -l**3/3 + 9*l**2/2 + 3*l + 1. Let x(t) = -t - 1. Let a(r) = -i(r) - 5*x(r). List the prime factors of a(4).
2
Let b(v) = -11*v**2 + v. Let p be b(1). Let c be 46/p + 9/15. Let y = 11 + c. List the prime factors of y.
7
Let h = 126 - 71. List the prime factors of h.
5, 11
Let i = 39 - 14. List the prime factors of i.
5
Suppose 1 = u - 4. Let i be (-2)/(-8) + (-15)/(-4). Suppose 10 = -i*b + u*b. What are the prime factors of b?
2, 5
Suppose 2 = 2*b + 3*y, 3*y = -0*b + 4*b - 22. Suppose -b*x = 3*s - 16, -s - 3*s + 17 = x. Suppose -5*a + 16 + s = 0. List the prime factors of a.
2
Let t = 55 + -2. List the prime factors of t.
53
Let x = 462 - 118. What are the prime factors of x?
2, 43
Let l = -63 - -114. Suppose l = 5*a + 6. What are the prime factors of a?
3
Suppose -2*i = i + 24. Let o be (i/10)/(3/(-60)). List the prime factors of 0/(-3) + -1 + o.
3, 5
Suppose 5*d - 98 = -x + 2*d, -2*x = -d - 196. List the prime factors of x.
2, 7
Suppose o + 5 = 0, -p + 284 = 3*p - 4*o. List the prime factors of p.
2, 3, 11
Let p = -291 + 412. What are the prime factors of p?
11
Suppose 2*c - 49 + 5 = 0. List the prime factors of c.
2, 11
List the prime factors of -18*(70/(-15))/7.
2, 3
Suppose 0 = 4*g + 5*k - 358, 2*g - 5*k - 170 = -3*k. Suppose 3*t + 84 = 5*b + 6*t, 5*b + 4*t - g = 0. List the prime factors of b.
3, 5
Suppose -5*a - 2*m - 197 = 0, 4*m + m = 2*a + 102. Let u = a + 72. What are the prime factors of u?
31
Suppose -t = -3*t + 56. What are the prime factors of t?
2, 7
Let p(m) be the first derivative of 1/3*m**3 - 2 + 0*m**2 - 5*m. List the prime factors of p(-4).
11
Suppose 5*s - 126 = 2*s. List the prime factors of s.
2, 3, 7
Suppose -2*z + 4*w = -2, 3*w - 19 = -z - 8. Suppose 0 = -z*d + 2*v + 193, -3*v - 57 = -d + 2*v. Let k = d - 18. List the prime factors of k.
19
Let f = 1937 - 1361. List the prime factors of f/15 + 6/(-15).
2, 19
What are the prime factors of ((-4)/10)/((-5)/50)?
2
Let u(n) = 1. Let p(a) = -2*a + 14. Let z(g) = -p(g) + 6*u(g). What are the prime factors of z(9)?
2, 5
Let i(x) = x**2 + 11*x - 9. List the prime factors of i(-14).
3, 11
Suppose 1 = -3*y - 2*d - 1, 12 = -3*d. Suppose y*p = 10, -n + 0*p - 5*p - 296 = 0. List the prime factors of n/(-21) + 6/(-21).
3, 5
Let h = -6 + 10. Suppose y + h*y - 75 = 0. List the prime factors of y.
3, 5
Suppose -9*u = -5*u - 376. What are the prime factors of u?
2, 47
Let q(s) = s**3 + 6*s**2 + 3*s - 2. Let g be q(-3). Let t = 7 + g. What are the prime factors of t?
23
Let r = 174 + -11. List the prime factors of r.
163
Let b = 2 + 3. Suppose -24 = -b*j + 1. Suppose 0 = -j*k + 31 + 24. List the prime factors of k.
11
Let d(l) = l**3 + 9*l**2 + 15*l + 9. Let p be d(-6). Let m be (-2)/3 - (-22)/6. Suppose -5*j + 11 + 52 = 4*a, -m*j + 3*a = -p. List the prime factors of j.
11
Let f = 3 - 4. Suppose 0 = 4*v + 31 + 29. Let m = f - v. What are the prime factors of m?
2, 7
Let i(x) = 41*x. List the prime factors of i(1).
41
Suppose 344 = -h + 5*h. List the prime factors of h.
2, 43
Let i = -24 - -19. Let q(s) = -11*s - 13. List the prime factors of q(i).
2, 3, 7
Let o be 9/5 - 1/(-5). Suppose o*r + 17 = a + 4*r, 0 = 3*a - 4*r - 1. Suppose -a*w = -2*w - 60. List the prime factors of w.
2, 3
Suppose 0 = s - 4*s + 108. List the prime factors of s.
2, 3
Let c = 6 + -4. Let l = 1 + c. Suppose -p + l = -10. What are the prime factors of p?
13
Suppose 0 = -0*x + 3*x + 3. What are the prime factors of ((-11)/x)/(11/11)?
11
Let m(r) = -7*r - 1. Let v be m(-1). Let g = -2 + v. Suppose 24 = -g*b + 84. List the prime factors of b.
3, 5
Suppose -161 = -5*r + 14. What are the prime factors of r?
5, 7
Let t(d) = -14 + d**3 + 9*d**2 + 0*d**2 + 1 - d. Let z be t(-9). Let f = 0 - z. List the prime factors of f.
2
Let q = 3 + -1. Suppose -q*v - 10 = -n, 0 = -4*n - 0*v - 2*v + 50. List the prime factors of n.
2, 3
Let b = -21 - -27. Suppose b*n = 5*n + 52. List the prime factors of n.
2, 13
Let v(s) = s - 1. Let k be v(6). Suppose -k*y + 246 = 81. Suppose -6*g = -3*g - y. What are the prime factors of g?
11
Let j(w) = 4*w**2 - w - 1. Let n be j(2). Suppose -11 = -5*v + 3*c + 36, -v - 5*c - n = 0. What are the prime factors of v?
7
Suppose 3*r - 144 = -4*f, -5*f = -r + 1